 - (-11)/(-10)).
2
Suppose 2*c = -5*y, 6 = -2*c - 4. Suppose s + 4*s - 3*z + 3 = 0, y*z = 2. Suppose s = 4*a + a - 60. What is the remainder when 35 is divided by a?
11
Let y(p) = -11*p**3 - p**2 - 2*p - 2. Let b(f) = -12*f**3 - f**2 - 2*f - 2. Let s(x) = -5*b(x) + 6*y(x). Calculate the remainder when s(-2) is divided by 16.
14
Let b(h) = -h**2 + 2*h + 3. Let n be b(3). Let m(w) = w + 23. What is the remainder when m(n) is divided by 12?
11
Let p(o) = -o**3 - 23*o**2 + 20*o + 4. Calculate the remainder when p(-24) is divided by 51.
49
Suppose -236 = -4*l - 0*l. Let h = -23 + 8. Let a = 5 - h. Calculate the remainder when l is divided by a.
19
Let q(j) = 3*j - 2. Let a be q(2). Suppose -5*p + 25 = -a*x, -p + 2*x + 12 - 1 = 0. Calculate the remainder when 1 is divided by p.
0
Suppose -2*t + 3 = 1. What is the remainder when 2 is divided by t?
0
Let p(n) = 5*n**2 - 2*n - 1. Let a be 2/(-7) - (-48)/(-28). What is the remainder when p(a) is divided by 9?
5
Let c = 24 - 14. Let w(s) = 3*s + 3 + 11*s + 1 - 3. Calculate the remainder when w(2) is divided by c.
9
Let q(r) = r**3 + 18*r**2 + 15*r - 5. Let i = -10 + 18. What is the remainder when q(-17) is divided by i?
5
Suppose l = -14 + 45. Calculate the remainder when l is divided by 16.
15
Suppose -q + 27 = 5. Suppose -5*h = -8 - q. Calculate the remainder when 23 is divided by h.
5
Suppose 4*r + p = 30, 0 = -2*r - p - 3 + 19. Suppose 2*f + r = 3. What is the remainder when 14 is divided by (-2)/f + 5 - 2?
2
Suppose 3*j - 4 = f - 2*f, 2*j - 40 = 4*f. Let p = 1 - f. What is the remainder when (-1)/2*(0 - 50) is divided by p?
7
Suppose 0 = 3*p + 5*b - 39, -2*p = 4*b + 2 - 28. Calculate the remainder when 46 is divided by p.
7
Let p(r) = r**3 + 6*r**2 + 6*r + 6. Calculate the remainder when 25 is divided by p(-4).
11
Let v be (-1 - (2 - 3))/(-2). Let c = v + 1. Calculate the remainder when (-1)/(-5)*(-3 - -8) is divided by c.
0
Let s(l) = 12*l + 3. Let x(n) = -n. Let j be x(-4). Let i be s(j). What is the remainder when (i/(-6))/(3/(-6)) is divided by 9?
8
Suppose -45*t = -40*t - 55. Calculate the remainder when t is divided by 4.
3
Let l(p) = p**2 - 4*p - 13. What is the remainder when 73 is divided by l(8)?
16
Suppose -5*p = -0*r + 4*r - 15, 3*r + 3 = p. Suppose r = 5*b - 5*z, 2*b + 12 = -6*z + 2*z. Let u = 23 - b. Calculate the remainder when u is divided by 9.
7
Let n = 69 - 39. Calculate the remainder when 59 is divided by n.
29
Let z(c) = 2*c**2 - c. Let s be z(-1). Suppose -12 = -s*i + 3. What is the remainder when i is divided by 4?
1
Suppose 2*k = -k + 24. What is the remainder when 29 is divided by k?
5
Suppose 4*o + 0*o - 8 = 0. Suppose -9 = o*y - 5*y. What is the remainder when y is divided by 2?
1
Suppose -3*v = -4*y - 0*v + 70, 0 = -4*y - v + 78. Let f = 29 - y. Calculate the remainder when 29 is divided by f.
9
Let i(d) = -d**2 - 11*d + 7. Let y = -11 - -27. Suppose y = 4*s - 36. What is the remainder when s is divided by i(-11)?
6
Let b = -66 + 94. What is the remainder when 54 is divided by b?
26
Let q be 4 + 2/((-4)/2). Suppose -4*y + 5*l + 84 = -97, 0 = -l + q. What is the remainder when y is divided by 13?
10
Let i = -3 + 3. Suppose i = 5*p + 89 - 324. Calculate the remainder when p is divided by 16.
15
Let g be 5 + -2 + -2 + 415. Suppose -3*l = l + g. What is the remainder when 49 is divided by 1/(-3) + l/(-6)?
15
Suppose 8 - 3 = -l, 2*l = -2*n - 8. Let h be (n/3)/((-2)/(-6)). Suppose 116 - h = 5*g. Calculate the remainder when 67 is divided by g.
21
Let a be ((-1)/2 - 2)*-2. Suppose -4*c + 2*y + 32 = 0, -2*c - a*y - 6 = -22. Suppose 2*g = 63 - 19. Calculate the remainder when g is divided by c.
6
Let d be (-1771)/(-22) - 3/(-2). Suppose -4*z = 5*r - 138, 2*z + d = 4*z - 4*r. Let p = 13 + -3. Calculate the remainder when z is divided by p.
7
Suppose -4*h + 323 - 95 = 0. Calculate the remainder when h is divided by 12.
9
Let v(o) = o**3 + o**2 - o + 6. What is the remainder when 22 is divided by v(0)?
4
Suppose 5*a = 3*i - 23, -a = -2 - 3. Suppose -2*o = -18 - 0. What is the remainder when i is divided by o?
7
Let s be ((-2)/6)/((-2)/54). Suppose -s*n + 5*n = -20. What is the remainder when 19 is divided by n?
4
Let f(v) = -v**3 - 4*v**2 + 7*v + 2. Suppose -4*z = -89 + 37. Suppose 5*p = -4*n + 61 - z, 4*n = -3*p + 56. Calculate the remainder when f(-6) is divided by n.
15
Let u be 0/(((-2)/2)/1). Suppose 3*b = -4*i + 36, 5*i + 5*b - 35 - 5 = u. Calculate the remainder when 35 is divided by i.
11
Suppose 0 = 4*y + 12 - 192. Calculate the remainder when y is divided by 24.
21
Let y be (3/2)/((-2)/(-4)). Calculate the remainder when -1*(-2 + -20 + y) is divided by 11.
8
Suppose 5*s - 18 = 82. What is the remainder when 55 is divided by s?
15
Let b = 3 - 1. Let h = -23 + 23. Let s = b - h. Calculate the remainder when 2 is divided by s.
0
Let x = -31 - -52. Suppose 4*o = 2*c - 7*c + 135, 0 = -2*o + 4*c + 100. Calculate the remainder when o is divided by x.
19
What is the remainder when (58/3)/((-1)/(-3)) is divided by 15 + -4 + (1 - -3)?
13
Let c = 22 + -11. Calculate the remainder when 41 is divided by c.
8
Suppose 4*a - 128 = -0*a - 2*w, 0 = 2*a - w - 72. Suppose -3*i - i = -48. Calculate the remainder when a is divided by i.
10
Suppose -3*b - 2*b - 10 = 0. Let u(k) = -3*k - 3. Let w be u(b). Suppose 2*l - w = 5. Calculate the remainder when 7 is divided by l.
3
Let h = -12 + 33. Calculate the remainder when h is divided by 6.
3
Suppose 5*o + 91 = 4*i, 4*i = 4*o - 2*o + 82. Calculate the remainder when i is divided by 8.
3
Let y(b) = 9*b**2 - b - 1. Let u be y(-1). Let t(n) = -n**3 + 9*n**2 + n - 4. Calculate the remainder when 17 is divided by t(u).
2
Let c = -154 - -161. Calculate the remainder when 47 is divided by c.
5
Let d = 169 - 137. Calculate the remainder when d is divided by 11.
10
Let i(b) = -14*b. Suppose 3*z + a - 120 = 0, 44 + 12 = z - 5*a. Calculate the remainder when z is divided by i(-1).
13
What is the remainder when 102 - ((-6)/(-9)*6 + 0) is divided by 25?
23
Let r = 55 + -26. Calculate the remainder when r is divided by 11.
7
Let v = 263 + -176. Calculate the remainder when v is divided by 22.
21
Let b = -12 + 23. Calculate the remainder when 16 is divided by b.
5
Suppose -2*a + 183 = 5*t, a + 0*a + 3*t - 94 = 0. What is the remainder when a is divided by 21?
16
Suppose -25 + 79 = 6*k. What is the remainder when 34 is divided by k?
7
Let c(t) = -12*t - 1. Let a be c(-1). Suppose j = -0*j + a. Suppose 38 + 24 = 2*n. What is the remainder when n is divided by j?
9
Let p(o) = -o - 7. Let s be p(-7). Let z = s - 2. Calculate the remainder when 6 is divided by z/(-6) + 33/9.
2
Suppose -i + 35 - 9 = 0. Calculate the remainder when i is divided by 9.
8
Let r(l) = 2*l + 1. Calculate the remainder when 16 is divided by r(2).
1
Let s(x) = -111*x**3 - x**2 - 2*x - 1. Let i = 119 + -91. What is the remainder when s(-1) is divided by i?
27
Suppose -5*f - 3*b + 172 = 0, -2*b = -5*f + f + 142. What is the remainder when f is divided by 18?
17
What is the remainder when 85 is divided by (-235)/(-10) + (-6)/(-4)?
10
Let z = 48 + -28. Calculate the remainder when z is divided by 11.
9
Suppose -110 = -m - 16. Calculate the remainder when m is divided by 32.
30
Suppose -2*v = -3 - 27. Let y(a) be the third derivative of 7*a**4/4 + a**3/6 + 2*a**2. What is the remainder when y(1) is divided by v?
13
Suppose -3*p = 5*m - 91, 0*m - 3*m - 4*p = -59. Let a = 53 - 20. Calculate the remainder when a is divided by m.
16
Let l(w) = -w**3 - 9*w**2 + w + 11. Let i be l(-9). Calculate the remainder when -2 + (1 + 16)*i is divided by 11.
10
Suppose -29 = -6*p + 109. What is the remainder when p is divided by 6?
5
Let q(s) = 12*s**2 - 2*s + 1. Suppose 2*z = -z - 3, 4*o = -z + 99. Suppose 4*r = 2*p + 138, p + o = -4*p. What is the remainder when r is divided by q(1)?
10
Suppose p + 2 = 4. Calculate the remainder when (47 - -2)/(p - 1) is divided by 17.
15
Suppose -4*i + 73 = 3*l, 2*i = -4*l - 0*i + 114. What is the remainder when l is divided by -1*((-8)/1 + -3)?
9
Let i = -35 + 97. Suppose 25 = 2*h - 7. Calculate the remainder when i is divided by h.
14
Let z(w) = -3*w**3 + 32*w**2 + 14*w - 14. Let s = 51 + 2. Calculate the remainder when s is divided by z(11).
15
Calculate the remainder whe